{"id":31664,"title":"Organizational information","type":"page","template":"default","content":"","excerpt":"","slug":"organizational-information","image":{"alt":"","caption":"Mar\u00eda Ch\u00e1vez, beneficiaria proyecto Cuyes. Alvaro Ordo\u00f1es, tecnico agropecuario de Ayuda en Accion","height":558,"src":{"thumbnail":"https:\/\/ayudaenaccion.org\/uploads\/2024\/08\/RS33369_AeA-Azuay-100_alt-150x100.jpg","small":"https:\/\/ayudaenaccion.org\/uploads\/2024\/08\/RS33369_AeA-Azuay-100_alt-480x321.jpg","medium":"https:\/\/ayudaenaccion.org\/uploads\/2024\/08\/RS33369_AeA-Azuay-100_alt.jpg","large":"https:\/\/ayudaenaccion.org\/uploads\/2024\/08\/RS33369_AeA-Azuay-100_alt.jpg","original":"https:\/\/ayudaenaccion.org\/uploads\/2024\/08\/RS33369_AeA-Azuay-100_alt.jpg"},"width":835},"date":"2024-09-16 12:08:45","hero":{"slides":[{"title":"This is how we are organized at Ayuda en Acci\u00f3n","title_link":"","title_target":"_self","label":"","content":"","show_content":"","video_url":"","img_size":"fullWidth","shadow":"1","type_title":"","image_footer_text":"","image":{"alt":"Personal Ayuda en Acci\u00f3n","caption":"","height":774,"src":{"thumbnail":"https:\/\/ayudaenaccion.org\/uploads\/2024\/08\/personal-aea-ec-150x60.jpg","small":"https:\/\/ayudaenaccion.org\/uploads\/2024\/08\/personal-aea-ec-480x194.jpg","medium":"https:\/\/ayudaenaccion.org\/uploads\/2024\/08\/personal-aea-ec-1024x413.jpg","large":"https:\/\/ayudaenaccion.org\/uploads\/2024\/08\/personal-aea-ec.jpg","original":"https:\/\/ayudaenaccion.org\/uploads\/2024\/08\/personal-aea-ec.jpg"},"width":1920},"image_mobile":{"alt":"","caption":"Mar\u00eda Ch\u00e1vez, beneficiaria proyecto Cuyes. Alvaro Ordo\u00f1es, tecnico agropecuario de Ayuda en Accion","height":558,"src":{"thumbnail":"https:\/\/ayudaenaccion.org\/uploads\/2024\/08\/RS33369_AeA-Azuay-100_alt-150x100.jpg","small":"https:\/\/ayudaenaccion.org\/uploads\/2024\/08\/RS33369_AeA-Azuay-100_alt-480x321.jpg","medium":"https:\/\/ayudaenaccion.org\/uploads\/2024\/08\/RS33369_AeA-Azuay-100_alt.jpg","large":"https:\/\/ayudaenaccion.org\/uploads\/2024\/08\/RS33369_AeA-Azuay-100_alt.jpg","original":"https:\/\/ayudaenaccion.org\/uploads\/2024\/08\/RS33369_AeA-Azuay-100_alt.jpg"},"width":835},"cta":{"text":"","sub1":"","sub2":"","url":"","color":"button--bg-info","target":"_self","microcopy_text":"","microcopy_icon":null,"microcopy_color":""},"desktop_content_position":"right","mobile_content_position":"","background_color":"--color-verde-brillante","background_color_saturation":"","text_color":"","hero_title_tag":"1"}]},"flexible_content":{"items":[{"type":"layout_content","values":{"id":"","title":"Organizational information","label":"","text":"<p><span style=\"font-weight: 400;\">Ayuda en Acci\u00f3n is organized internally according to a well-defined organizational chart and structure. Organizational information is open to anyone who would like to know more about us.<\/span><\/p>\n","cta":{"type":"cta","values":{"text":"","sub1":"","sub2":"","cta_url":"","target":"_self","microcopy_text":"","microcopy_icon":null,"microcopy_color":""}},"margins":"","text_position":"","text_color":"","background_color":"bk-white","background_color_saturation":"","cta_color":"button--bg-main","content_title_tag":"","bk_extension":"full-width bk-white"}},{"type":"boxgrid","id":"","title":"The basis of our work","text":"Ayuda en Acci\u00f3n is governed by a structure and a collective bargaining agreement","background_color":"bk-white","values":{"items":[{"type":"box","values":{"type":"box-image","text_color":"","distribution":"rows_2","background_color":"transparent","background_color_saturation":"","cta":{"type":"cta","values":{"text":"","sub1":"","sub2":"","cta_url":"","target":"_self","microcopy_text":"","microcopy_icon":null,"microcopy_color":""}},"cta_color":"main","cta2":{"type":"cta","values":{"text":"","sub1":"","sub2":"","cta_url":"","target":"_self","microcopy_text":"","microcopy_icon":null,"microcopy_color":""}},"cta2_color":"main","image":{"alt":"Personal de Ayuda en Acci\u00f3n","caption":"","height":552,"src":{"thumbnail":"https:\/\/ayudaenaccion.org\/uploads\/2024\/08\/personal-aea-150x113.jpg","small":"https:\/\/ayudaenaccion.org\/uploads\/2024\/08\/personal-aea-480x360.jpg","medium":"https:\/\/ayudaenaccion.org\/uploads\/2024\/08\/personal-aea.jpg","large":"https:\/\/ayudaenaccion.org\/uploads\/2024\/08\/personal-aea.jpg","original":"https:\/\/ayudaenaccion.org\/uploads\/2024\/08\/personal-aea.jpg"},"width":736},"label":"","text":"","title":"","subtitle":"","description":"","previewtext":""}},{"type":"box","values":{"type":"box-text","text_color":"","distribution":"rows_2","background_color":"transparent","background_color_saturation":"","cta":{"type":"cta","values":{"text":"AGREEMENT","sub1":"","sub2":"","cta_url":"\/uploads\/2023\/01\/ayuda-en-accion-convenio-accion-e-intervencion-social-2022-2025.pdf","target":"_self","microcopy_text":"","microcopy_icon":null,"microcopy_color":""}},"cta_color":"white","cta2":{"type":"cta","values":{"text":"STRUCTURE","sub1":"","sub2":"","cta_url":"\/uploads\/2025\/04\/Estructura-Organizativa-y-Organo-de-Gobierno-2025-Publicado-ENGLISH.pdf","target":"_self","microcopy_text":"","microcopy_icon":null,"microcopy_color":""}},"cta2_color":"white","image":null,"label":"Documents","text":"We are governed by the Collective Bargaining Agreement for Social Action and Intervention and according to an internal structure that sets us apart.","title":"Structure and agreement","subtitle":"","description":"","previewtext":""}}]}},{"type":"boxgrid","id":"","title":"Our team","text":"","background_color":"bk-white","values":{"items":[{"type":"box","values":{"type":"box-image","text_color":"","distribution":"rows_1","background_color":"secondary","background_color_saturation":"","cta":{"type":"cta","values":{"text":"","sub1":"","sub2":"","cta_url":"","target":"_self","microcopy_text":"","microcopy_icon":null,"microcopy_color":""}},"cta_color":"white","cta2":{"type":"cta","values":{"text":"","sub1":"","sub2":"","cta_url":"","target":"_self","microcopy_text":"","microcopy_icon":null,"microcopy_color":""}},"cta2_color":"white","image":{"alt":"","caption":"","height":460,"src":{"thumbnail":"https:\/\/ayudaenaccion.org\/uploads\/2024\/04\/icono_redes-150x201.png","small":"https:\/\/ayudaenaccion.org\/uploads\/2024\/04\/icono_redes.png","medium":"https:\/\/ayudaenaccion.org\/uploads\/2024\/04\/icono_redes.png","large":"https:\/\/ayudaenaccion.org\/uploads\/2024\/04\/icono_redes.png","original":"https:\/\/ayudaenaccion.org\/uploads\/2024\/04\/icono_redes.png"},"width":343},"label":"","text":"","title":"","subtitle":"","description":"","previewtext":""}},{"type":"box","values":{"type":"box-text","text_color":"","distribution":"rows_1","background_color":"turquesa-medio","background_color_saturation":"-faded","cta":{"type":"cta","values":{"text":"SEE MORE","sub1":"","sub2":"","cta_url":"\/en\/our-team\/","target":"_self","microcopy_text":"","microcopy_icon":null,"microcopy_color":""}},"cta_color":"main","cta2":{"type":"cta","values":{"text":"","sub1":"","sub2":"","cta_url":"","target":"_self","microcopy_text":"","microcopy_icon":null,"microcopy_color":""}},"cta2_color":"white","image":null,"label":"Internal organization","text":"Get to know the people who hold positions of responsibility in our organization.","title":"Who is who?","subtitle":"","description":"","previewtext":""}},{"type":"box","values":{"type":"box-image","text_color":"","distribution":"rows_1","background_color":"transparent","background_color_saturation":"","cta":{"type":"cta","values":{"text":"","sub1":"","sub2":"","cta_url":"","target":"_self","microcopy_text":"","microcopy_icon":null,"microcopy_color":""}},"cta_color":"white","cta2":{"type":"cta","values":{"text":"","sub1":"","sub2":"","cta_url":"","target":"_self","microcopy_text":"","microcopy_icon":null,"microcopy_color":""}},"cta2_color":"white","image":{"alt":"Carpas en Per\u00fa","caption":"","height":552,"src":{"thumbnail":"https:\/\/ayudaenaccion.org\/uploads\/2024\/08\/lluvia-peru-personal-150x113.jpg","small":"https:\/\/ayudaenaccion.org\/uploads\/2024\/08\/lluvia-peru-personal-480x360.jpg","medium":"https:\/\/ayudaenaccion.org\/uploads\/2024\/08\/lluvia-peru-personal.jpg","large":"https:\/\/ayudaenaccion.org\/uploads\/2024\/08\/lluvia-peru-personal.jpg","original":"https:\/\/ayudaenaccion.org\/uploads\/2024\/08\/lluvia-peru-personal.jpg"},"width":736},"label":"","text":"","title":"","subtitle":"","description":"","previewtext":""}},{"type":"box","values":{"type":"box-text","text_color":"","distribution":"rows_1","background_color":"naranja-fuerte","background_color_saturation":"-faded","cta":{"type":"cta","values":{"text":"SEE MORE","sub1":"","sub2":"","cta_url":"\/uploads\/2025\/05\/Organigrama-web-mayo-2025-ENGLISH.pdf","target":"_self","microcopy_text":"","microcopy_icon":null,"microcopy_color":""}},"cta_color":"main","cta2":{"type":"cta","values":{"text":"","sub1":"","sub2":"","cta_url":"","target":"_self","microcopy_text":"","microcopy_icon":null,"microcopy_color":""}},"cta2_color":"white","image":null,"label":"Organizational chart","text":"","title":"Behind the work there are always people. This is how our team is organized by work areas.","subtitle":"","description":"","previewtext":""}}]}}]},"_links":{"self":[{"href":"https:\/\/ayudaenaccion.org\/en\/wp-json\/wp\/v2\/pages\/31664","targetHints":{"allow":["GET"]}}],"collection":[{"href":"https:\/\/ayudaenaccion.org\/en\/wp-json\/wp\/v2\/pages"}],"about":[{"href":"https:\/\/ayudaenaccion.org\/en\/wp-json\/wp\/v2\/types\/page"}],"author":[{"embeddable":true,"href":"https:\/\/ayudaenaccion.org\/en\/wp-json\/wp\/v2\/users\/38"}],"replies":[{"embeddable":true,"href":"https:\/\/ayudaenaccion.org\/en\/wp-json\/wp\/v2\/comments?post=31664"}],"version-history":[{"count":10,"href":"https:\/\/ayudaenaccion.org\/en\/wp-json\/wp\/v2\/pages\/31664\/revisions"}],"predecessor-version":[{"id":37952,"href":"https:\/\/ayudaenaccion.org\/en\/wp-json\/wp\/v2\/pages\/31664\/revisions\/37952"}],"wp:featuredmedia":[{"embeddable":true,"href":"https:\/\/ayudaenaccion.org\/en\/wp-json\/wp\/v2\/media\/31779"}],"wp:attachment":[{"href":"https:\/\/ayudaenaccion.org\/en\/wp-json\/wp\/v2\/media?parent=31664"}],"curies":[{"name":"wp","href":"https:\/\/api.w.org\/{rel}","templated":true}]}}

María Chávez, beneficiaria proyecto Cuyes. Alvaro Ordoñes, tecnico agropecuario de Ayuda en Accion

This is how we are organized at Ayuda en Acción

Personal Ayuda en Acción

<p><span style="font-weight: 400;">Ayuda en Acción is organized internally according to a well-defined organizational chart and structure. Organizational information is open to anyone who would like to know more about us.</span></p>

Ayuda en Acción is governed by a structure and a collective bargaining agreement

Personal de Ayuda en Acción

Carpas en Perú
